prime factors of 37665310.
2, 5, 31, 121501
What are the prime factors of 4617291997?
4817, 958541
List the prime factors of 452832058.
2, 7, 32345147
What are the prime factors of 2507081306?
2, 8443, 148471
List the prime factors of 374942371.
19, 19733809
What are the prime factors of 11818644?
2, 3, 59, 16693
What are the prime factors of 51208099?
51208099
List the prime factors of 526769983.
1087, 484609
What are the prime factors of 1085475767?
853, 1272539
List the prime factors of 89221351.
659, 135389
What are the prime factors of 147817492?
2, 19, 271, 7177
What are the prime factors of 10049258?
2, 47, 106907
List the prime factors of 1612894453.
1612894453
What are the prime factors of 48012758?
2, 24006379
What are the prime factors of 7785782?
2, 19, 331, 619
What are the prime factors of 41030134?
2, 59, 463, 751
What are the prime factors of 3600400?
2, 5, 9001
What are the prime factors of 1268762024?
2, 179, 886007
What are the prime factors of 63715803?
3, 21238601
List the prime factors of 22282628.
2, 1321, 4217
List the prime factors of 312348305.
5, 67, 193, 4831
What are the prime factors of 1273384738?
2, 2957, 215317
What are the prime factors of 5589868930?
2, 5, 13759, 40627
List the prime factors of 34441844.
2, 8610461
What are the prime factors of 4417697731?
10909, 404959
What are the prime factors of 36108746?
2, 619, 29167
What are the prime factors of 113030451?
3, 4186313
What are the prime factors of 734126840?
2, 5, 47, 390493
What are the prime factors of 4536840?
2, 3, 5, 7, 11, 491
What are the prime factors of 22070467?
79, 337, 829
What are the prime factors of 110640380?
2, 5, 5532019
List the prime factors of 139162659.
3, 409, 113417
What are the prime factors of 1880362935?
3, 5, 11, 71, 53503
What are the prime factors of 82131111?
3, 3041893
List the prime factors of 572306896.
2, 7, 5109883
List the prime factors of 171260323.
13, 23, 572777
List the prime factors of 847575787.
2143, 395509
List the prime factors of 12276196.
2, 439, 6991
What are the prime factors of 86128915?
5, 173, 99571
What are the prime factors of 19765023?
3, 6588341
What are the prime factors of 597148466?
2, 14419, 20707
What are the prime factors of 3039032930?
2, 5, 303903293
List the prime factors of 1555455932.
2, 388863983
What are the prime factors of 24706005?
3, 5, 1647067
List the prime factors of 176483816.
2, 22060477
List the prime factors of 1034331750.
2, 3, 5, 459703
List the prime factors of 1936814.
2, 11, 88037
What are the prime factors of 1767872401?
59, 29963939
List the prime factors of 118048730.
2, 5, 3109, 3797
What are the prime factors of 2196927747?
3, 7, 31, 83, 13553
What are the prime factors of 6135234154?
2, 7, 193, 2270627
List the prime factors of 684553580.
2, 5, 5717, 5987
List the prime factors of 277464790.
2, 5, 19, 1460341
What are the prime factors of 392157384?
2, 3, 16339891
What are the prime factors of 43376916?
2, 3, 11, 373, 881
What are the prime factors of 10618298?
2, 419, 12671
What are the prime factors of 1792527?
3, 11, 54319
What are the prime factors of 1704612924?
2, 3, 7, 29, 53, 163
List the prime factors of 1860906589.
1860906589
List the prime factors of 75210145.
5, 15042029
What are the prime factors of 94641361?
73, 197, 6581
What are the prime factors of 1195193650?
2, 5, 7, 1433, 2383
List the prime factors of 132063789.
3, 11, 13, 73, 4217
List the prime factors of 729449657.
729449657
What are the prime factors of 145208098?
2, 7, 47, 220681
List the prime factors of 104769661.
104769661
What are the prime factors of 14546077?
7, 13, 19, 47, 179
List the prime factors of 343025425.
5, 401, 34217
List the prime factors of 1810942888.
2, 226367861
What are the prime factors of 98543611?
17, 5796683
What are the prime factors of 78119362?
2, 23, 1698247
List the prime factors of 4609751992.
2, 576218999
What are the prime factors of 296598714?
2, 3, 61, 810379
What are the prime factors of 448749984?
2, 3, 47, 271, 367
What are the prime factors of 966460007?
966460007
List the prime factors of 1706625195.
3, 5, 11, 1783, 5801
What are the prime factors of 136192978?
2, 68096489
List the prime factors of 202162169.
11, 18378379
What are the prime factors of 633773542?
2, 316886771
List the prime factors of 82846099.
7, 19, 307, 2029
What are the prime factors of 544709790?
2, 3, 5, 47, 131, 983
List the prime factors of 107030873.
107030873
List the prime factors of 45341606.
2, 53, 427751
What are the prime factors of 449300430?
2, 3, 5, 113, 44179
What are the prime factors of 31242594?
2, 3, 1069, 4871
What are the prime factors of 24874425?
3, 5, 43, 857
What are the prime factors of 84982224?
2, 3, 1770463
List the prime factors of 601268453.
101, 5953153
What are the prime factors of 321283641?
3, 7, 312229
List the prime factors of 26864417.
26864417
List the prime factors of 58101600.
2, 3, 5, 43, 563
What are the prime factors of 1304206397?
13, 100323569
List the prime factors of 898644331.
13, 1433, 48239
What are the prime factors of 52081195?
5, 331, 31469
What are the prime factors of 394338773?
73, 5401901
List the prime factors of 2965840281.
3, 17, 97, 337, 593
List the prime factors of 236550882.
2, 3, 2459, 16033
What are the prime factors of 157331183?
223, 705521
List the prime factors of 2316740807.
17, 67, 79, 25747
List the prime factors of 4155048449.
397, 487, 21491
What are the prime factors of 389728924?
2, 13, 839, 8933
What are the prime factors of 288580246?
2, 19, 181, 41957
What are the prime factors of 19182512?
2, 191, 6277
What are the prime factors of 48375137?
48375137
What are the prime factors of 2200204400?
2, 5, 59, 93229
What are the prime factors of 371202322?
2, 137, 157, 8629
List the prime factors of 36650863.
5077, 7219
What are the prime factors of 23581475?
5, 863, 1093
List the prime factors of 311742399.
3, 47, 2210939
What are the prime factors of 204203694?
2, 3, 17, 2001997
What are the prime factors of 27862963?
47, 89, 6661
What are the prime factors of 219297503?
31, 97, 233, 313
List the prime factors of 3769000.
2, 5, 3769
What are the prime factors of 158382833?
7, 29, 780211
What are the prime factors of 5339728334?
2, 37, 283, 254977
List the prime factors of 144356026.
2, 29, 31, 80287
What are the prime factors of 115515482?
2, 2999, 19259
What are the prime factors of 15358819?
7, 89, 277
What are the prime factors of 45802870?
2, 5, 4580287
List the prime factors of 2772754332.
2, 3, 17, 1279, 10627
What are the prime factors of 674349334?
2, 193, 919, 1901
List the prime factors of 2739665321.
43, 677, 94111
What are the prime factors of 858785184?
2, 3, 241, 12373
List the prime factors of 270110223.
3, 31, 968137
What are the prime factors of 316485356?
2, 11, 19, 378571
List the prime factors of 5189731.
37, 140263
List the prime factors of 1037201927.
14419, 71933
List the prime factors of 221864244.
2, 3, 7, 397, 6653
List the prime factors of 3444949110.
2, 3, 5, 71, 1617347
What are the prime factors of 3494567247?
3, 71, 16406419
List the prime factors of 72831268.
2, 1307, 13931
List the prime factors of 15195926.
2, 17, 107, 4177
List the prime factors of 52114924.
2, 13028731
List the prime factors of 907526704.
2, 7, 467, 17351
What are the prime factors of 173410835?
5, 13, 2667859
List the prime factors of 3989600443.
17, 37, 6342767
List the prime factors of 128520079.
31, 4145809
List the prime factors of 1619514998.
2, 8741, 92639
What are the prime factors of 6982607899?
73, 3499, 27337
List the prime factors of 1251790643.
1223, 1023541
List the prime factors of 4238030888.
2, 7, 13, 59, 98669
What are the prime factors of 105691442?
2, 52845721
List the prime factors of 3689387025.
3, 5, 49191827
List the prime factors of 1053197069.
31, 33974099
What are the prime factors of 120838345?
5, 313, 77213
List the prime factors of 3831132206.
2, 11, 17, 61, 307, 547
List the prime factors of 2469029465.
5, 7, 70543699
What are the prime factors of 3345487359?
3, 53, 107, 196643
What are the prime factors of 2488604052?
2, 3, 11, 199, 211, 449
What are the prime factors of 605021969?
23, 179, 223, 659
What are the prime factors of 1494247721?
43, 2689, 12923
List the